{"id":1888,"date":"2021-04-06T11:58:22","date_gmt":"2021-04-06T09:58:22","guid":{"rendered":"http:\/\/stanislasberton.com\/?page_id=1888"},"modified":"2025-07-17T21:28:50","modified_gmt":"2025-07-17T19:28:50","slug":"lectures","status":"publish","type":"page","link":"https:\/\/stanislasberton.com\/index.php\/lectures\/","title":{"rendered":"Lectures"},"content":{"rendered":"\n<figure class=\"wp-block-image size-large is-resized\"><img loading=\"lazy\" decoding=\"async\" width=\"599\" height=\"319\" src=\"http:\/\/stanislasberton.com\/wp-content\/uploads\/2021\/04\/ernst-junger-3.jpg\" alt=\"\" class=\"wp-image-1889\" style=\"width:543px;height:289px\" srcset=\"https:\/\/stanislasberton.com\/wp-content\/uploads\/2021\/04\/ernst-junger-3.jpg 599w, https:\/\/stanislasberton.com\/wp-content\/uploads\/2021\/04\/ernst-junger-3-300x160.jpg 300w\" sizes=\"auto, (max-width: 599px) 100vw, 599px\" \/><\/figure>\n\n\n\n<p><\/p>\n\n\n\n<p class=\"has-medium-font-size\"><strong>Lectures essentielles<\/strong><\/p>\n\n\n\n<p><em>L\u2019art de la guerre,<\/em> Sun Tzu (traduction Jean L\u00e9vi) <\/p>\n\n\n\n<p><em>Entretiens,<\/em> Confucius (traduction Anne Cheng, Points) <\/p>\n\n\n\n<p><em>Le Cygne Noir\/Antifragile\/ Jouer sa peau<\/em>, Nassim Nicholas Taleb<\/p>\n\n\n\n<p><em>Les 21 lois du <\/em><a href=\"http:\/\/stanislasberton.com\/index.php\/2019\/10\/24\/du-leadership\/\"><em>leadership<\/em>,<\/a> John Maxwell<\/p>\n\n\n\n<p><em>La notion de politique,<\/em> Carl Schmitt<\/p>\n\n\n\n<p><em>La crise du monde moderne,<\/em> Ren\u00e9 Gu\u00e9non<\/p>\n\n\n\n<p><a href=\"http:\/\/stanislasberton.com\/index.php\/2019\/10\/08\/du-declin-du-courage\/\"><em>Le d\u00e9clin du courage<\/em><\/a>\/ <a href=\"http:\/\/stanislasberton.com\/index.php\/2019\/10\/08\/du-refus-du-mensonge\/\"><em>Le refus du mensonge<\/em><\/a>,  Alexandre Soljenitsyne<\/p>\n\n\n\n<p><em>Je vois Satan tomber comme l\u2019\u00e9clair, <\/em>Ren\u00e9 Girard<\/p>\n\n\n\n<p><a href=\"https:\/\/lesdeuxcites.fr\/livre\/17912305-l-esprit-familial-sylvain-durain-verbe-haut\"><em>L\u2019Esprit Familial, <\/em>Mgr H. Delassus<\/a> (\u00c9ditions Le Verbe Haut) <\/p>\n\n\n\n<p><em>Livre de la Gen\u00e8se\/\u00c9vangile selon Saint Matthieu<\/em>, La Bible<\/p>\n\n\n\n<p>*<\/p>\n\n\n\n<p class=\"has-medium-font-size\"><strong>Litt\u00e9rature <\/strong><\/p>\n\n\n\n<p><em>La Ferme des Animaux<\/em>\/<em>1984,<\/em> George Orwell<\/p>\n\n\n\n<p><em>Le meilleur des mondes<\/em>, Aldous Huxley<\/p>\n\n\n\n<p><em>Les Fr\u00e8res Karamazov\/Les Poss\u00e9d\u00e9s, <\/em>F\u00e9dor Dosto\u00efevski<\/p>\n\n\n\n<p><em>Le Seigneur des Anneaux<\/em>, J.R.R Tolkien<\/p>\n\n\n\n<p><em>L\u2019Iliade et L&#8217;Odyss\u00e9e,<\/em> Hom\u00e8re<\/p>\n\n\n\n<p><em>Mythes et l\u00e9gendes de la Gr\u00e8ce Antique<\/em>, Eduard Petiska<\/p>\n\n\n\n<p>*<\/p>\n\n\n\n<p class=\"has-medium-font-size\"><strong>Politique<\/strong><\/p>\n\n\n\n<p><em>J\u2019ai tir\u00e9 sur le fil du mensonge,<\/em> Philippe de Villiers<\/p>\n\n\n\n<p><em>La guerre secr\u00e8te contre les peuples<\/em>, Claire S\u00e9verac<\/p>\n\n\n\n<p><em>Des pions sur l&#8217;\u00e9chiquier<\/em>, William Carr<\/p>\n\n\n\n<p><em>La hi\u00e9rarchie des conspirateurs- Histoire du comit\u00e9 des 300,<\/em> John Coleman<\/p>\n\n\n\n<p><em>La R\u00e9volution Mondiale<\/em>, Nesta Webster<\/p>\n\n\n\n<p><em>Wall Street et la r\u00e9volution bolch\u00e9vique\/et l&#8217;ascension d&#8217;Hitler<\/em>, Anthony Sutton <\/p>\n\n\n\n<p><em>Le Politique ou l&#8217;art de d\u00e9signer l&#8217;ennemi,<\/em> Julien Freund <\/p>\n\n\n\n<p><em>Les arm\u00e9es secr\u00e8tes de l&#8217;OTAN<\/em>, Daniele Ganser<\/p>\n\n\n\n<p><em>Pour r\u00e9pondre aux \u00ab&nbsp;d\u00e9coloniaux<\/em>&nbsp;\u00bb, Bernard Lugan<\/p>\n\n\n\n<p><em>Le Projet<\/em>, Alexandre Del Valle<\/p>\n\n\n\n<p><em><a href=\"http:\/\/stanislasberton.com\/index.php\/2019\/11\/07\/du-marathon-de-cent-ans-livre\/\">Le Marathon de 100 ans<\/a><\/em>, Michael Pillsbury<\/p>\n\n\n\n<p><em>Lee Kuan Yew: Singapour et le renouveau de la Chine<\/em>, Murat Lama<\/p>\n\n\n\n<p><em>La guerre hors limites, <\/em>Qiao Liang et Wang Xiangsu<\/p>\n\n\n\n<p><em>La soci\u00e9t\u00e9 de surveillance, stade ultime du lib\u00e9ralisme,<\/em> Guillaume Travers<\/p>\n\n\n\n<p><em>Louis XIV par lui-m\u00eame<\/em>, Michel D\u00e9on<\/p>\n\n\n\n<p><em>C\u2019\u00e9tait De Gaulle<\/em>, Alain Peyrefitte<\/p>\n\n\n\n<p><em>L&#8217;ami am\u00e9ricain<\/em>, Eric Branca<\/p>\n\n\n\n<p><em>L&#8217;Ancien R\u00e9gime et la<\/em> <em>R\u00e9volution<\/em>, Alexis de Tocqueville<\/p>\n\n\n\n<p><em>Crois ou meurs&nbsp;: histoire incorrecte de la R\u00e9volution Fran\u00e7aise<\/em>, Claude Qu\u00e9tel<\/p>\n\n\n\n<p><em>Les Chr\u00e9tiens -comment ils ont chang\u00e9 le monde<\/em>, Tom Holland<\/p>\n\n\n\n<p><em>Des origines du mondialisme \u00e0 la grande r\u00e9initialisation,<\/em> Pierre Hillard<\/p>\n\n\n\n<p><em>Gouverner par le chaos<\/em> (\u00e9dition 2023), Lucien Cerise <\/p>\n\n\n\n<p><em>Le supr\u00e9macisme blanc<\/em>, Lucien Cerise<\/p>\n\n\n\n<p><em>Ce sang qui nous lie<\/em>, Sylvain Durain<\/p>\n\n\n\n<p><em>Pour qu&#8217;Il r\u00e8gne<\/em>, Jean Ousset <\/p>\n\n\n\n<p><em>Les deux patries<\/em>, Jean de Viguerie <\/p>\n\n\n\n<p><em>Les Intouchables d\u2019\u00c9tat\/ les Voraces<\/em>, Vincent Jauvert<\/p>\n\n\n\n<p><em>La diversit\u00e9 du monde,<\/em> Emmanuel Todd<\/p>\n\n\n\n<p><em>Le Grand Remplacement<\/em>\/<em>Le Petit Remplacement<\/em>, Renaud Camus <\/p>\n\n\n\n<p><em>\u00c9crits corsaires<\/em>, Pier Paolo Pasolini <\/p>\n\n\n\n<p><em>La r\u00e9volte des \u00e9lites<\/em>, Christopher Lasch<\/p>\n\n\n\n<p><em>La France p\u00e9riph\u00e9rique,<\/em> Christophe Guilly<\/p>\n\n\n\n<p><em>La fabrique du cr\u00e9tin digital<\/em>\/<em>Faites-les lire,<\/em> Michel Desmurget<\/p>\n\n\n\n<p><em>Les 5 stades de l&#8217;effondrement<\/em>, Dmitry Orlov<\/p>\n\n\n\n<p><em><em>Consid\u00e9rations sur la France<\/em>, <\/em>Joseph de Maistre<\/p>\n\n\n\n<p><em>La France contre les robots<\/em>, George Bernanos<\/p>\n\n\n\n<p><em>L\u2019Archipel du Goulag,<\/em> Alexandre Soljenitsyne (Points)<\/p>\n\n\n\n<p><em>De la d\u00e9mocratie en Am\u00e9rique<\/em>, Alexis de Tocqueville<\/p>\n\n\n\n<p><\/p>\n\n\n\n<figure class=\"wp-block-image size-large is-resized\"><img loading=\"lazy\" decoding=\"async\" width=\"1024\" height=\"576\" src=\"http:\/\/stanislasberton.com\/wp-content\/uploads\/2021\/04\/pratique_2-1024x576.jpg\" alt=\"\" class=\"wp-image-1971\" style=\"width:608px;height:341px\" srcset=\"https:\/\/stanislasberton.com\/wp-content\/uploads\/2021\/04\/pratique_2-1024x576.jpg 1024w, https:\/\/stanislasberton.com\/wp-content\/uploads\/2021\/04\/pratique_2-300x169.jpg 300w, https:\/\/stanislasberton.com\/wp-content\/uploads\/2021\/04\/pratique_2-768x432.jpg 768w, https:\/\/stanislasberton.com\/wp-content\/uploads\/2021\/04\/pratique_2-1536x864.jpg 1536w, https:\/\/stanislasberton.com\/wp-content\/uploads\/2021\/04\/pratique_2-620x349.jpg 620w, https:\/\/stanislasberton.com\/wp-content\/uploads\/2021\/04\/pratique_2.jpg 1600w\" sizes=\"auto, (max-width: 1024px) 100vw, 1024px\" \/><figcaption class=\"wp-element-caption\">&#8220;<em>Il y a dans ce monde des secrets que seule la pratique peut r\u00e9v\u00e9ler et qu&#8217;aucune opinion ou analyse ne pourra jamais saisir enti\u00e8rement<\/em>&#8220;<\/figcaption><\/figure>\n","protected":false},"excerpt":{"rendered":"<p>Lectures essentielles L\u2019art de la guerre, Sun Tzu (traduction Jean L\u00e9vi) Entretiens, Confucius (traduction Anne Cheng, Points) Le Cygne Noir\/Antifragile\/ Jouer sa peau, Nassim Nicholas Taleb Les 21 lois du leadership, John Maxwell La notion de politique, Carl Schmitt La crise du monde moderne, Ren\u00e9 Gu\u00e9non Le d\u00e9clin du courage\/ Le refus du mensonge, Alexandre [&hellip;]<\/p>\n","protected":false},"author":1,"featured_media":0,"parent":0,"menu_order":0,"comment_status":"closed","ping_status":"closed","template":"","meta":{"footnotes":""},"class_list":["post-1888","page","type-page","status-publish","hentry"],"yoast_head":"<!-- This site is optimized with the Yoast SEO plugin v27.3 - https:\/\/yoast.com\/product\/yoast-seo-wordpress\/ -->\n<title>Lectures - Stanislas BERTON<\/title>\n<meta name=\"robots\" content=\"index, follow, max-snippet:-1, max-image-preview:large, max-video-preview:-1\" \/>\n<link rel=\"canonical\" href=\"http:\/\/stanislasberton.com\/index.php\/lectures\/\" \/>\n<meta property=\"og:locale\" content=\"en_US\" \/>\n<meta property=\"og:type\" content=\"article\" \/>\n<meta property=\"og:title\" content=\"Lectures - Stanislas BERTON\" \/>\n<meta property=\"og:description\" content=\"Lectures essentielles L\u2019art de la guerre, Sun Tzu (traduction Jean L\u00e9vi) Entretiens, Confucius (traduction Anne Cheng, Points) Le Cygne Noir\/Antifragile\/ Jouer sa peau, Nassim Nicholas Taleb Les 21 lois du leadership, John Maxwell La notion de politique, Carl Schmitt La crise du monde moderne, Ren\u00e9 Gu\u00e9non Le d\u00e9clin du courage\/ Le refus du mensonge, Alexandre [&hellip;]\" \/>\n<meta property=\"og:url\" content=\"http:\/\/stanislasberton.com\/index.php\/lectures\/\" \/>\n<meta property=\"og:site_name\" content=\"Stanislas BERTON\" \/>\n<meta property=\"article:modified_time\" content=\"2025-07-17T19:28:50+00:00\" \/>\n<meta property=\"og:image\" content=\"http:\/\/stanislasberton.com\/wp-content\/uploads\/2021\/04\/ernst-junger-3.jpg\" \/>\n<meta name=\"twitter:card\" content=\"summary_large_image\" \/>\n<meta name=\"twitter:label1\" content=\"Est. reading time\" \/>\n\t<meta name=\"twitter:data1\" content=\"3 minutes\" \/>\n<script type=\"application\/ld+json\" class=\"yoast-schema-graph\">{\"@context\":\"https:\\\/\\\/schema.org\",\"@graph\":[{\"@type\":\"WebPage\",\"@id\":\"http:\\\/\\\/stanislasberton.com\\\/index.php\\\/lectures\\\/\",\"url\":\"http:\\\/\\\/stanislasberton.com\\\/index.php\\\/lectures\\\/\",\"name\":\"Lectures - Stanislas BERTON\",\"isPartOf\":{\"@id\":\"https:\\\/\\\/stanislasberton.com\\\/#website\"},\"primaryImageOfPage\":{\"@id\":\"http:\\\/\\\/stanislasberton.com\\\/index.php\\\/lectures\\\/#primaryimage\"},\"image\":{\"@id\":\"http:\\\/\\\/stanislasberton.com\\\/index.php\\\/lectures\\\/#primaryimage\"},\"thumbnailUrl\":\"http:\\\/\\\/stanislasberton.com\\\/wp-content\\\/uploads\\\/2021\\\/04\\\/ernst-junger-3.jpg\",\"datePublished\":\"2021-04-06T09:58:22+00:00\",\"dateModified\":\"2025-07-17T19:28:50+00:00\",\"breadcrumb\":{\"@id\":\"http:\\\/\\\/stanislasberton.com\\\/index.php\\\/lectures\\\/#breadcrumb\"},\"inLanguage\":\"en-US\",\"potentialAction\":[{\"@type\":\"ReadAction\",\"target\":[\"http:\\\/\\\/stanislasberton.com\\\/index.php\\\/lectures\\\/\"]}]},{\"@type\":\"ImageObject\",\"inLanguage\":\"en-US\",\"@id\":\"http:\\\/\\\/stanislasberton.com\\\/index.php\\\/lectures\\\/#primaryimage\",\"url\":\"https:\\\/\\\/stanislasberton.com\\\/wp-content\\\/uploads\\\/2021\\\/04\\\/ernst-junger-3.jpg\",\"contentUrl\":\"https:\\\/\\\/stanislasberton.com\\\/wp-content\\\/uploads\\\/2021\\\/04\\\/ernst-junger-3.jpg\",\"width\":599,\"height\":319},{\"@type\":\"BreadcrumbList\",\"@id\":\"http:\\\/\\\/stanislasberton.com\\\/index.php\\\/lectures\\\/#breadcrumb\",\"itemListElement\":[{\"@type\":\"ListItem\",\"position\":1,\"name\":\"Home\",\"item\":\"https:\\\/\\\/stanislasberton.com\\\/\"},{\"@type\":\"ListItem\",\"position\":2,\"name\":\"Lectures\"}]},{\"@type\":\"WebSite\",\"@id\":\"https:\\\/\\\/stanislasberton.com\\\/#website\",\"url\":\"https:\\\/\\\/stanislasberton.com\\\/\",\"name\":\"Stanislas BERTON\",\"description\":\"Quantum potes, tantum aude\",\"publisher\":{\"@id\":\"https:\\\/\\\/stanislasberton.com\\\/#\\\/schema\\\/person\\\/35b8ff927e855a1e6c5cc1921d61e08c\"},\"potentialAction\":[{\"@type\":\"SearchAction\",\"target\":{\"@type\":\"EntryPoint\",\"urlTemplate\":\"https:\\\/\\\/stanislasberton.com\\\/?s={search_term_string}\"},\"query-input\":{\"@type\":\"PropertyValueSpecification\",\"valueRequired\":true,\"valueName\":\"search_term_string\"}}],\"inLanguage\":\"en-US\"},{\"@type\":[\"Person\",\"Organization\"],\"@id\":\"https:\\\/\\\/stanislasberton.com\\\/#\\\/schema\\\/person\\\/35b8ff927e855a1e6c5cc1921d61e08c\",\"name\":\"sberton\",\"image\":{\"@type\":\"ImageObject\",\"inLanguage\":\"en-US\",\"@id\":\"https:\\\/\\\/secure.gravatar.com\\\/avatar\\\/fb8e1e50c000ff4ca889d1d62ef01059d7ab27264b271cefe3e51ae17f8f69af?s=96&r=g\",\"url\":\"https:\\\/\\\/secure.gravatar.com\\\/avatar\\\/fb8e1e50c000ff4ca889d1d62ef01059d7ab27264b271cefe3e51ae17f8f69af?s=96&r=g\",\"contentUrl\":\"https:\\\/\\\/secure.gravatar.com\\\/avatar\\\/fb8e1e50c000ff4ca889d1d62ef01059d7ab27264b271cefe3e51ae17f8f69af?s=96&r=g\",\"caption\":\"sberton\"},\"logo\":{\"@id\":\"https:\\\/\\\/secure.gravatar.com\\\/avatar\\\/fb8e1e50c000ff4ca889d1d62ef01059d7ab27264b271cefe3e51ae17f8f69af?s=96&r=g\"}}]}<\/script>\n<!-- \/ Yoast SEO plugin. -->","yoast_head_json":{"title":"Lectures - Stanislas BERTON","robots":{"index":"index","follow":"follow","max-snippet":"max-snippet:-1","max-image-preview":"max-image-preview:large","max-video-preview":"max-video-preview:-1"},"canonical":"http:\/\/stanislasberton.com\/index.php\/lectures\/","og_locale":"en_US","og_type":"article","og_title":"Lectures - Stanislas BERTON","og_description":"Lectures essentielles L\u2019art de la guerre, Sun Tzu (traduction Jean L\u00e9vi) Entretiens, Confucius (traduction Anne Cheng, Points) Le Cygne Noir\/Antifragile\/ Jouer sa peau, Nassim Nicholas Taleb Les 21 lois du leadership, John Maxwell La notion de politique, Carl Schmitt La crise du monde moderne, Ren\u00e9 Gu\u00e9non Le d\u00e9clin du courage\/ Le refus du mensonge, Alexandre [&hellip;]","og_url":"http:\/\/stanislasberton.com\/index.php\/lectures\/","og_site_name":"Stanislas BERTON","article_modified_time":"2025-07-17T19:28:50+00:00","og_image":[{"url":"http:\/\/stanislasberton.com\/wp-content\/uploads\/2021\/04\/ernst-junger-3.jpg","type":"","width":"","height":""}],"twitter_card":"summary_large_image","twitter_misc":{"Est. reading time":"3 minutes"},"schema":{"@context":"https:\/\/schema.org","@graph":[{"@type":"WebPage","@id":"http:\/\/stanislasberton.com\/index.php\/lectures\/","url":"http:\/\/stanislasberton.com\/index.php\/lectures\/","name":"Lectures - Stanislas BERTON","isPartOf":{"@id":"https:\/\/stanislasberton.com\/#website"},"primaryImageOfPage":{"@id":"http:\/\/stanislasberton.com\/index.php\/lectures\/#primaryimage"},"image":{"@id":"http:\/\/stanislasberton.com\/index.php\/lectures\/#primaryimage"},"thumbnailUrl":"http:\/\/stanislasberton.com\/wp-content\/uploads\/2021\/04\/ernst-junger-3.jpg","datePublished":"2021-04-06T09:58:22+00:00","dateModified":"2025-07-17T19:28:50+00:00","breadcrumb":{"@id":"http:\/\/stanislasberton.com\/index.php\/lectures\/#breadcrumb"},"inLanguage":"en-US","potentialAction":[{"@type":"ReadAction","target":["http:\/\/stanislasberton.com\/index.php\/lectures\/"]}]},{"@type":"ImageObject","inLanguage":"en-US","@id":"http:\/\/stanislasberton.com\/index.php\/lectures\/#primaryimage","url":"https:\/\/stanislasberton.com\/wp-content\/uploads\/2021\/04\/ernst-junger-3.jpg","contentUrl":"https:\/\/stanislasberton.com\/wp-content\/uploads\/2021\/04\/ernst-junger-3.jpg","width":599,"height":319},{"@type":"BreadcrumbList","@id":"http:\/\/stanislasberton.com\/index.php\/lectures\/#breadcrumb","itemListElement":[{"@type":"ListItem","position":1,"name":"Home","item":"https:\/\/stanislasberton.com\/"},{"@type":"ListItem","position":2,"name":"Lectures"}]},{"@type":"WebSite","@id":"https:\/\/stanislasberton.com\/#website","url":"https:\/\/stanislasberton.com\/","name":"Stanislas BERTON","description":"Quantum potes, tantum aude","publisher":{"@id":"https:\/\/stanislasberton.com\/#\/schema\/person\/35b8ff927e855a1e6c5cc1921d61e08c"},"potentialAction":[{"@type":"SearchAction","target":{"@type":"EntryPoint","urlTemplate":"https:\/\/stanislasberton.com\/?s={search_term_string}"},"query-input":{"@type":"PropertyValueSpecification","valueRequired":true,"valueName":"search_term_string"}}],"inLanguage":"en-US"},{"@type":["Person","Organization"],"@id":"https:\/\/stanislasberton.com\/#\/schema\/person\/35b8ff927e855a1e6c5cc1921d61e08c","name":"sberton","image":{"@type":"ImageObject","inLanguage":"en-US","@id":"https:\/\/secure.gravatar.com\/avatar\/fb8e1e50c000ff4ca889d1d62ef01059d7ab27264b271cefe3e51ae17f8f69af?s=96&r=g","url":"https:\/\/secure.gravatar.com\/avatar\/fb8e1e50c000ff4ca889d1d62ef01059d7ab27264b271cefe3e51ae17f8f69af?s=96&r=g","contentUrl":"https:\/\/secure.gravatar.com\/avatar\/fb8e1e50c000ff4ca889d1d62ef01059d7ab27264b271cefe3e51ae17f8f69af?s=96&r=g","caption":"sberton"},"logo":{"@id":"https:\/\/secure.gravatar.com\/avatar\/fb8e1e50c000ff4ca889d1d62ef01059d7ab27264b271cefe3e51ae17f8f69af?s=96&r=g"}}]}},"_links":{"self":[{"href":"https:\/\/stanislasberton.com\/index.php\/wp-json\/wp\/v2\/pages\/1888","targetHints":{"allow":["GET"]}}],"collection":[{"href":"https:\/\/stanislasberton.com\/index.php\/wp-json\/wp\/v2\/pages"}],"about":[{"href":"https:\/\/stanislasberton.com\/index.php\/wp-json\/wp\/v2\/types\/page"}],"author":[{"embeddable":true,"href":"https:\/\/stanislasberton.com\/index.php\/wp-json\/wp\/v2\/users\/1"}],"replies":[{"embeddable":true,"href":"https:\/\/stanislasberton.com\/index.php\/wp-json\/wp\/v2\/comments?post=1888"}],"version-history":[{"count":5,"href":"https:\/\/stanislasberton.com\/index.php\/wp-json\/wp\/v2\/pages\/1888\/revisions"}],"predecessor-version":[{"id":5583,"href":"https:\/\/stanislasberton.com\/index.php\/wp-json\/wp\/v2\/pages\/1888\/revisions\/5583"}],"wp:attachment":[{"href":"https:\/\/stanislasberton.com\/index.php\/wp-json\/wp\/v2\/media?parent=1888"}],"curies":[{"name":"wp","href":"https:\/\/api.w.org\/{rel}","templated":true}]}}